{"id":41501,"date":"2024-11-20T15:07:48","date_gmt":"2024-11-20T14:07:48","guid":{"rendered":"https:\/\/keyndgo.com\/?page_id=41501"},"modified":"2024-12-12T19:47:44","modified_gmt":"2024-12-12T18:47:44","slug":"soumettre-un-bien2","status":"publish","type":"page","link":"https:\/\/keyndgo.com\/index.php\/soumettre-un-bien2\/","title":{"rendered":"Soumettre un Bien2"},"content":{"rendered":"<div class=\"wpb-content-wrapper\"><p>[vc_row][vc_column][vc_column_text css=\u00a0\u00bb\u00a0\u00bb]<\/p>\n<h2>Soumettre un Bien<\/h2>\n<p data-pm-slice=\"1 1 []\">Pourquoi ne pas confier la gestion de votre propri\u00e9t\u00e9 \u00e0 des experts pour gagner du temps et optimiser vos profits ?<br \/>\nConfiez votre propri\u00e9t\u00e9 \u00e0 KeyndGo et laissez-nous g\u00e9rer les annonces, les r\u00e9servations, l&rsquo;entretien et l\u2019accueil des locataires. Rejoignez les propri\u00e9taires qui ont d\u00e9j\u00e0 fait le choix de simplifier leur gestion locative et d\u2019augmenter\u00a0leurs\u00a0profits\u00a0!<\/p>\n<form id=\"wpforms-form-41489\" action=\"\/wp-admin\/admin-ajax.php\" enctype=\"multipart\/form-data\" method=\"post\" data-formid=\"41489\" data-token=\"f5d523c1f81fd776d392c7f5214d5df4\" data-token-time=\"1732143112\">\n<fieldset>\n<legend>Nom Pr\u00e9nom *<\/legend>\n<p><input id=\"wpforms-41489-field_1\" name=\"wpforms[fields][1][first]\" required=\"\" type=\"text\" aria-errormessage=\"wpforms-41489-field_1-error\" \/><label for=\"wpforms-41489-field_1\">Pr\u00e9nom<\/label><input id=\"wpforms-41489-field_1-last\" name=\"wpforms[fields][1][last]\" required=\"\" type=\"text\" aria-errormessage=\"wpforms-41489-field_1-last-error\" \/><label for=\"wpforms-41489-field_1-last\">Nom<\/label><\/fieldset>\n<p><label for=\"wpforms-41489-field_9\">Num\u00e9ro de t\u00e9l\u00e9phone *<\/label><input id=\"wpforms-41489-field_9\" name=\"wpforms[fields][9]\" required=\"\" type=\"text\" aria-errormessage=\"wpforms-41489-field_9-error\" \/><label for=\"wpforms-41489-field_7\">Email *<\/label><input id=\"wpforms-41489-field_7\" spellcheck=\"false\" name=\"wpforms[fields][7]\" required=\"\" type=\"email\" aria-errormessage=\"wpforms-41489-field_7-error\" \/><label for=\"wpforms-41489-field_10\">Adresse compl\u00e8te *<\/label><input id=\"wpforms-41489-field_10\" name=\"wpforms[fields][10]\" required=\"\" type=\"text\" aria-errormessage=\"wpforms-41489-field_10-error\" \/><label for=\"wpforms-41489-field_15\">Type de Bien *<\/label><select id=\"wpforms-41489-field_15\" name=\"wpforms[fields][15]\" required=\"required\"><option value=\"Appartement\">Appartement<\/option><option value=\"Villa\">Villa<\/option><option value=\"Loft\">Loft<\/option><option value=\"Duplex\">Duplex<\/option><option value=\"triplex\">triplex<\/option><option value=\"Penthouse\">Penthouse<\/option><\/select><\/p>\n<fieldset>\n<legend>Les petits plus de votre bien<\/legend>\n<ul id=\"wpforms-41489-field_14\">\n<li><input id=\"wpforms-41489-field_14_1\" name=\"wpforms[fields][14][]\" type=\"checkbox\" value=\"En Bord de mer\" aria-errormessage=\"wpforms-41489-field_14_1-error\" \/><label for=\"wpforms-41489-field_14_1\">En Bord de mer<\/label><\/li>\n<li><input id=\"wpforms-41489-field_14_2\" name=\"wpforms[fields][14][]\" type=\"checkbox\" value=\"Avec piscine\" aria-errormessage=\"wpforms-41489-field_14_2-error\" \/><label for=\"wpforms-41489-field_14_2\">Avec piscine<\/label><\/li>\n<li><input id=\"wpforms-41489-field_14_3\" name=\"wpforms[fields][14][]\" type=\"checkbox\" value=\"Avec terrasse\" aria-errormessage=\"wpforms-41489-field_14_3-error\" \/><label for=\"wpforms-41489-field_14_3\">Avec terrasse<\/label><\/li>\n<li><input id=\"wpforms-41489-field_14_4\" name=\"wpforms[fields][14][]\" type=\"checkbox\" value=\"Avec Vue\" aria-errormessage=\"wpforms-41489-field_14_4-error\" \/><label for=\"wpforms-41489-field_14_4\">Avec Vue<\/label><\/li>\n<li><input id=\"wpforms-41489-field_14_5\" name=\"wpforms[fields][14][]\" type=\"checkbox\" value=\"Avec balcon\" aria-errormessage=\"wpforms-41489-field_14_5-error\" \/><label for=\"wpforms-41489-field_14_5\">Avec balcon<\/label><\/li>\n<li><input id=\"wpforms-41489-field_14_6\" name=\"wpforms[fields][14][]\" type=\"checkbox\" value=\"Avec jardin\" aria-errormessage=\"wpforms-41489-field_14_6-error\" \/><label for=\"wpforms-41489-field_14_6\">Avec jardin<\/label><\/li>\n<\/ul>\n<\/fieldset>\n<p><label for=\"wpforms-41489-field_11\">Nombre de chambres *<\/label><select id=\"wpforms-41489-field_11\" name=\"wpforms[fields][11]\" required=\"required\"><option value=\"0\">0<\/option><option value=\"1\">1<\/option><option value=\"2\">2<\/option><option value=\"3\">3<\/option><option value=\"4\">4<\/option><option value=\"5\">5<\/option><option value=\"6\">6<\/option><option value=\"7\">7<\/option><option value=\"8\">8<\/option><option value=\"9\">9<\/option><option value=\"10\">10<\/option><\/select><label for=\"wpforms-41489-field_12\">Surface en m\u00b2 <\/label><input id=\"wpforms-41489-field_12\" name=\"wpforms[fields][12]\" type=\"text\" aria-errormessage=\"wpforms-41489-field_12-error\" \/><label for=\"wpforms-41489-field_17\">\u00c9tage<\/label><select id=\"wpforms-41489-field_17\" name=\"wpforms[fields][17]\"><option value=\"Rez-de-chauss\u00e9e\">Rez-de-chauss\u00e9e<\/option><option value=\"Entresol\">Entresol<\/option><option value=\"Premier \u00e9tage\">Premier \u00e9tage<\/option><option value=\"Deuxi\u00e8me \u00e9tage\">Deuxi\u00e8me \u00e9tage<\/option><option value=\"Troisi\u00e8me \u00e9tage\">Troisi\u00e8me \u00e9tage<\/option><option value=\"Quatri\u00e8me \u00e9tage\">Quatri\u00e8me \u00e9tage<\/option><option value=\"Cinqui\u00e8me \u00e9tage\">Cinqui\u00e8me \u00e9tage<\/option><option value=\"Dernier \u00e9tage\">Dernier \u00e9tage<\/option><option value=\"Combles\">Combles<\/option><\/select><\/p>\n<fieldset>\n<legend>La propri\u00e9t\u00e9 est-elle d\u00e9j\u00e0 sur Airbnb ?<\/legend>\n<ul id=\"wpforms-41489-field_18\">\n<li><input id=\"wpforms-41489-field_18_1\" name=\"wpforms[fields][18]\" type=\"radio\" value=\"Oui\" aria-errormessage=\"wpforms-41489-field_18_1-error\" \/><label for=\"wpforms-41489-field_18_1\">Oui<\/label><\/li>\n<li><input id=\"wpforms-41489-field_18_2\" name=\"wpforms[fields][18]\" type=\"radio\" value=\"Non\" aria-errormessage=\"wpforms-41489-field_18_2-error\" \/><label for=\"wpforms-41489-field_18_2\">Non<\/label><\/li>\n<\/ul>\n<\/fieldset>\n<p><!-- .wpforms-field-container --><input name=\"wpforms[id]\" type=\"hidden\" value=\"41489\" \/> <input name=\"wpforms[nonce]\" type=\"hidden\" value=\"cde1d3376f\" \/><br \/>\n<input name=\"page_title\" type=\"hidden\" value=\"{page_title}\" \/><input name=\"page_url\" type=\"hidden\" value=\"http:\/\/page_url\" \/><button id=\"wpforms-submit-41489\" name=\"wpforms[submit]\" type=\"submit\" value=\"wpforms-submit\" data-alt-text=\"Sending...\" data-submit-text=\"Envoyer\" aria-live=\"assertive\">Envoyer<\/button><img decoding=\"async\" style=\"display: none;\" src=\"https:\/\/keyndgo.com\/wp-content\/plugins\/wpforms-lite\/assets\/images\/submit-spin.svg\" alt=\"Chargement en cours\" width=\"26\" height=\"26\" \/><\/p>\n<\/form>\n<p><!-- .wpforms-container -->[\/vc_column_text][\/vc_column][\/vc_row]<\/p>\n<\/div>","protected":false},"excerpt":{"rendered":"<p>[vc_row][vc_column][vc_column_text css=\u00a0\u00bb\u00a0\u00bb] Soumettre un Bien Pourquoi ne pas confier la gestion de votre propri\u00e9t\u00e9 \u00e0 des experts pour gagner du temps et optimiser vos profits ? Confiez votre propri\u00e9t\u00e9 \u00e0 KeyndGo et laissez-nous g\u00e9rer les annonces, les r\u00e9servations, l&rsquo;entretien et l\u2019accueil des locataires. Rejoignez les propri\u00e9taires qui ont d\u00e9j\u00e0 fait le choix de simplifier leur &#8230;<\/p>\n","protected":false},"author":1,"featured_media":0,"parent":0,"menu_order":0,"comment_status":"closed","ping_status":"closed","template":"","meta":{"_acf_changed":false,"_monsterinsights_skip_tracking":false,"_monsterinsights_sitenote_active":false,"_monsterinsights_sitenote_note":"","_monsterinsights_sitenote_category":0,"footnotes":""},"class_list":["post-41501","page","type-page","status-publish","hentry"],"acf":[],"aioseo_notices":[],"_links":{"self":[{"href":"https:\/\/keyndgo.com\/index.php\/wp-json\/wp\/v2\/pages\/41501","targetHints":{"allow":["GET"]}}],"collection":[{"href":"https:\/\/keyndgo.com\/index.php\/wp-json\/wp\/v2\/pages"}],"about":[{"href":"https:\/\/keyndgo.com\/index.php\/wp-json\/wp\/v2\/types\/page"}],"author":[{"embeddable":true,"href":"https:\/\/keyndgo.com\/index.php\/wp-json\/wp\/v2\/users\/1"}],"replies":[{"embeddable":true,"href":"https:\/\/keyndgo.com\/index.php\/wp-json\/wp\/v2\/comments?post=41501"}],"version-history":[{"count":33,"href":"https:\/\/keyndgo.com\/index.php\/wp-json\/wp\/v2\/pages\/41501\/revisions"}],"predecessor-version":[{"id":41828,"href":"https:\/\/keyndgo.com\/index.php\/wp-json\/wp\/v2\/pages\/41501\/revisions\/41828"}],"wp:attachment":[{"href":"https:\/\/keyndgo.com\/index.php\/wp-json\/wp\/v2\/media?parent=41501"}],"curies":[{"name":"wp","href":"https:\/\/api.w.org\/{rel}","templated":true}]}}